*d - 72 = 8*a - 4*a, -a - 20 = 3*d. Let m = a - -23. Suppose -4*v - 18 = -7*v. What is the highest common divisor of m and v?
6
Let u(x) = -2*x + 0*x - 3 + 4*x. Let y be u(6). Let c = -8 + y. What is the greatest common divisor of c and 2?
1
Let i be (-9)/9*7 + 330. Calculate the highest common divisor of i and 34.
17
Let d(i) = 9*i - 6. Let r be d(3). Let x = 83 - 194. Let c = x - -237. What is the highest common factor of c and r?
21
Suppose -4*a = -1592 + 96. Let r = -50 + 84. Calculate the greatest common divisor of a and r.
34
Suppose -5*n + 20 = 0, 4*n + 0*n = -2*x + 854. Suppose -x - 193 = -4*a. Suppose -2*f + 17 + 17 = 0. What is the highest common factor of a and f?
17
Suppose -4*t + 5*p - 17 = 0, 3*p + p = 5*t + 10. Suppose -1110 = t*c - 12*c. Calculate the greatest common divisor of 74 and c.
37
Let y be (-2077)/(-93) + (-20)/(-12). Let n = -258 + 378. What is the highest common divisor of y and n?
24
Let x = 8 + -6. Suppose x*w = i - 74, 3*w + 405 = i + 4*i. What is the highest common divisor of i and 12?
12
Suppose -154 = -4*a + 198. What is the greatest common factor of a and 330?
22
Suppose 3*c - 4*a + a = 21, 0 = -2*a + 2. What is the highest common factor of 712 and c?
8
Let l(x) = -2*x + 8. Let i be l(-6). Let h be -6*218/(-66) - 10/(-55). What is the greatest common divisor of h and i?
20
Suppose -1048*f + 1047*f + 94 = 0. Calculate the greatest common divisor of f and 658.
94
Suppose -20*h - 231 = -5*j - 22*h, -10 = 5*h. Calculate the highest common divisor of 2444 and j.
47
Let f(i) = i**2 + 26*i - 45. Let r be f(-31). What is the highest common factor of r and 990?
110
Let t be 9/(9/2)*14. Suppose r = 3*r - t. Let j = 4 + -2. Calculate the greatest common divisor of j and r.
2
Suppose 10*t + 225 = 15*t. Suppose 121*i = 118*i + t. What is the greatest common factor of 6 and i?
3
Let i = -353 + 374. Let a = 142 - -89. Calculate the greatest common factor of a and i.
21
Let s(a) = 5*a**2 - a - 6. Let y be s(7). Let r = -496 + y. Let w = -152 - r. Calculate the greatest common factor of w and 28.
28
Let u(h) = 46*h**2 - h. Let b be u(1). Let n = -30 + b. Calculate the highest common factor of 75 and n.
15
Suppose 22*y = 2638 + 1784. What is the greatest common factor of 268 and y?
67
Let j = -129 + 135. Suppose 6*h = 78 - j. What is the highest common divisor of 156 and h?
12
Let v(s) = 28*s - 2. Let j be v(-1). Let o = j + 41. Let a(y) = 14*y**3 + y**2 + 3*y - 1. Let n be a(2). What is the highest common factor of n and o?
11
Suppose 0 = -13*o - 223 + 5813. Calculate the highest common divisor of o and 20.
10
Let f = -133 + 196. Suppose 0 = 2*a - 5*g, -13 = -a - 3*g - g. Suppose 4*w - 8 = -4*s - s, -w - a*s - 13 = 0. Calculate the highest common factor of w and f.
7
Let g be 285 + -1 + 1 + 1. Let l(q) = 34*q + 672. Let r be l(-19). Calculate the greatest common divisor of r and g.
26
Suppose -99*q + 108*q - 5778 = 0. What is the highest common divisor of 6 and q?
6
Let n = 66 + -39. Suppose -3*o = 12*o - 1620. Calculate the highest common factor of o and n.
27
Let w(y) = 5*y**2 + 3*y + 1. Let d be 13/4 + (-2)/8. Let u be w(d). Calculate the greatest common divisor of 11 and u.
11
Let x(r) = r**3 - 4*r**2 - r + 1. Let p be x(5). Let j be (-860)/(-28) - 4/(-14). Let g = j - p. Calculate the highest common factor of 2 and g.
2
Let x = -329 + 392. Calculate the greatest common factor of x and 483.
21
Suppose -4*p + 0 - 16 = 0. Let u = 17 + p. What is the greatest common divisor of 65 and u?
13
Let z = -16 - -37. Let y(b) = -2*b + 17. Let f be y(12). Let o(t) = t**2 + 3*t - 7. Let q be o(f). What is the greatest common divisor of q and z?
21
Let s be 7 + 6/(-2) + 144/4. Calculate the highest common factor of s and 4.
4
Let t(a) = a + 16. Suppose 0 + 8 = -2*j, j = 5*c - 4. Let h be t(c). What is the greatest common factor of 80 and h?
16
Let a(w) = 19*w**2 + 23*w - 62. Let k be a(5). Calculate the greatest common factor of k and 48.
48
Let j = -118 - -757. Calculate the highest common factor of j and 71.
71
Suppose u + 10 = -3*a + 23, 51 = 3*u - 3*a. What is the greatest common divisor of 40 and u?
8
Let v be (-10 + 3)/(((-4)/(-11))/(-4)). Suppose 0 = 2*d - 22. Calculate the greatest common divisor of d and v.
11
Let y(v) = -7*v**3 - 8*v**2 - 3*v - 1. Let x be y(-5). Suppose 0 = 5*o - 2*o - 5*b - x, 3*b = -2*o + 453. What is the greatest common factor of o and 57?
57
Let h be 69*1 - 4/(-12)*0. Let t be 23/2*(3 - -1). What is the highest common divisor of t and h?
23
Let h = 82 + -232. Let b = 232 + h. What is the highest common factor of 205 and b?
41
Let g be (-15)/20*58*(-2)/1. What is the highest common factor of 12 and g?
3
Let c(a) = 5*a**3 - 11*a**2 - 6*a - 24. Let o be c(6). What is the highest common divisor of 780 and o?
156
Let y = -430 + 457. Calculate the highest common factor of 297 and y.
27
Let o = -51 - -25. Let p = o + 90. Calculate the greatest common factor of 8 and p.
8
Let i = 454 - 422. What is the greatest common factor of 1 and i?
1
Let u(a) = -a**2 + 24*a - 31. Let j(h) = -h**3 - h**2 - 5*h + 9. Let n be j(0). Let q be u(n). What is the greatest common factor of 8 and q?
8
Let f(j) = -j**3 + 10*j**2 - 4*j. Let h be f(8). Let s = -10 + 10. Let d = 12 - s. Calculate the greatest common divisor of d and h.
12
Suppose 5*n = 2*f + 1244, 4*n - 3*f - 1246 = -n. Let g(z) = 2*z**2 - 1. Let w be g(-4). Calculate the highest common factor of w and n.
31
Let s(g) = 2*g**2 - 5. Let v be s(2). Suppose v*a - 3*o + 23 = -a, 3*a + 21 = 3*o. Let z be a/(-7) - (-2128)/98. What is the highest common divisor of 55 and z?
11
Let p(a) = -12*a + 37. Let z be p(6). Let k = z + 49. Suppose 5 + 107 = 4*j. What is the greatest common divisor of j and k?
14
Let x(y) = y**3 - y**3 - 16 + y - 3*y + 18*y**2 + y**3. Let k be x(-18). Calculate the greatest common factor of k and 8.
4
Let r(z) be the second derivative of -z**5/20 - z**3 - 5*z**2/2 + 2*z. Suppose -5 = -6*m - 35. Let o be r(m). Calculate the greatest common factor of o and 30.
30
Let h be (-12)/30*(-13 - 2) + 442. Calculate the highest common divisor of 28 and h.
28
Let n be (-10 + (-4)/20)*(-14 - 1). Calculate the greatest common factor of n and 68.
17
Suppose -2*n - 22 = -4*n. Let o(q) = q**3 - 2*q**2 - 10*q - 4. Let k be o(-2). Suppose k = -4*z + 371 - 63. What is the highest common factor of z and n?
11
Let i(v) = v**2 + 3*v - 16. Let f be i(-6). Let c(m) = 7*m**2 + 2*m - 2. Let d be c(f). Calculate the greatest common factor of d and 3.
3
Let n be (-94)/141 - (-184)/6. What is the greatest common divisor of 18 and n?
6
Suppose -10*o = -16*o. Suppose -3*w + 2*w + 160 = o. Suppose 0*g = 2*g - 32. What is the highest common factor of w and g?
16
Let t(h) = -h**2 + 4. Let u be t(0). Suppose -3*p + 5*q = -5, 0*q + 12 = 4*p - u*q. Calculate the highest common divisor of p and 2.
1
Suppose 5*x = -45 + 10. Suppose -2*j - 56 = 12*j. Let w = j - x. Calculate the greatest common divisor of 21 and w.
3
Let f(r) = -73*r + 5. Suppose -3*o + 7*o - 40 = -4*v, o - 4 = 0. Let z be (2 - v)*1/1. Let d be f(z). What is the greatest common factor of 27 and d?
27
Let t be (-6)/(-39) + (-310)/(-13). Let y = 21 + t. What is the highest common factor of 5 and y?
5
Suppose -5*o - 50 = -2*w, -61*w + 64*w - 70 = 5*o. What is the highest common divisor of w and 20?
20
Let y = 24 - -36. Suppose 4*f - y + 44 = 0. Calculate the highest common factor of f and 4.
4
Let c = 35 + -33. Let k be 7 - c*-1*(-3)/(-2). Calculate the greatest common factor of 20 and k.
10
Let c = 1759 - 1737. Calculate the highest common divisor of c and 8.
2
Let l be 1*13 + (-52 - -55). Calculate the greatest common factor of l and 56.
8
Suppose -4*g + 171 = -249. Suppose 0 = 39*n - 44*n + g. Calculate the greatest common factor of 14 and n.
7
Let x = 30 + -19. Let t be ((-4612)/x)/(-4) + 2/11. Calculate the greatest common divisor of 15 and t.
15
Suppose 0 = -4*w + 3*w + 19. Let c = 1228 + -848. Suppose 0 = 2*a, -8*z + c = -4*z + 2*a. Calculate the highest common factor of w and z.
19
Let z(i) = -5*i - 12. Let w be z(-4). Let a = -4 + 8. What is the greatest common divisor of a and w?
4
Suppose 16 = 2*b - 4*d, -4*d - 8 = 3*b - b. Suppose b = -3*g + 5. Calculate the highest common factor of 7 and g.
1
Let i be (-17 - -7) + (